{"id":223,"date":"2020-08-27T20:03:53","date_gmt":"2020-08-27T20:03:53","guid":{"rendered":"http:\/\/vascokatowice.pl\/?page_id=223"},"modified":"2025-06-03T22:35:31","modified_gmt":"2025-06-03T22:35:31","slug":"vasco-ekogroszek-plus","status":"publish","type":"page","link":"http:\/\/vascokatowice.pl\/index.php\/vasco-ekogroszek-plus\/","title":{"rendered":"VASCO GROSZEK  +"},"content":{"rendered":"\t\t<div data-elementor-type=\"wp-page\" data-elementor-id=\"223\" class=\"elementor elementor-223\">\n\t\t\t\t\t\t<div class=\"elementor-inner\">\n\t\t\t\t<div class=\"elementor-section-wrap\">\n\t\t\t\t\t\t\t\t\t<section class=\"elementor-section elementor-top-section elementor-element elementor-element-634d1ef elementor-section-boxed elementor-section-height-default elementor-section-height-default\" data-id=\"634d1ef\" data-element_type=\"section\">\n\t\t\t\t\t\t<div class=\"elementor-container elementor-column-gap-default\">\n\t\t\t\t\t\t\t<div class=\"elementor-row\">\n\t\t\t\t\t<div class=\"elementor-column elementor-col-100 elementor-top-column elementor-element elementor-element-4b4cc7c\" data-id=\"4b4cc7c\" data-element_type=\"column\">\n\t\t\t<div class=\"elementor-column-wrap elementor-element-populated\">\n\t\t\t\t\t\t\t<div class=\"elementor-widget-wrap\">\n\t\t\t\t\t\t<div class=\"elementor-element elementor-element-2788f21 elementor-widget elementor-widget-text-editor\" data-id=\"2788f21\" data-element_type=\"widget\" data-widget_type=\"text-editor.default\">\n\t\t\t\t<div class=\"elementor-widget-container\">\n\t\t\t\t\t\t\t\t<div class=\"elementor-text-editor elementor-clearfix\">\n\t\t\t\t<p style=\"text-align: center;\"><span style=\"color: #ff0000;\"><strong>NOWO\u015a\u0106 W OFERCIE !<\/strong><\/span><\/p>\n<p>W sierpniu 2020 roku uruchomili\u015bmy produkcj\u0119 naszego najnowszego produktu &#8211; <strong>VASCO GROSZEK +<\/strong><\/p>\n<p>Warto\u015b\u0107 opa\u0142owa Qir 26000 \u2013 28000 kJ\/kg<br>Zawarto\u015b\u0107 popio\u0142u Ar 4 \u2013 8 %<br>Zawarto\u015b\u0107 wilgoci Wtr 8 \u2013 12 %<br>Zawarto\u015b\u0107 siarki Str 0,2 \u2013 0,6 %<br>Spiekalno\u015b\u0107 RI 0 \u2013 12<\/p>\n<p>Uniwersalny w\u0119giel do kot\u0142\u00f3w z podajnikiem<\/p>\t\t\t\t\t<\/div>\n\t\t\t\t\t\t<\/div>\n\t\t\t\t<\/div>\n\t\t\t\t<div class=\"elementor-element elementor-element-d40debe elementor-align-center elementor-widget elementor-widget-button\" data-id=\"d40debe\" data-element_type=\"widget\" data-widget_type=\"button.default\">\n\t\t\t\t<div class=\"elementor-widget-container\">\n\t\t\t\t\t<div class=\"elementor-button-wrapper\">\n\t\t\t<a href=\"http:\/\/vascokatowice.pl\/wp-content\/uploads\/2020\/08\/VASCO-Ekogroszek-PLUS_268-MJ.pdf\" class=\"elementor-button-link elementor-button elementor-size-md\" role=\"button\">\n\t\t\t\t\t\t<span class=\"elementor-button-content-wrapper\">\n\t\t\t\t\t\t<span class=\"elementor-button-text\">Zobacz Certyfikat<\/span>\n\t\t<\/span>\n\t\t\t\t\t<\/a>\n\t\t<\/div>\n\t\t\t\t<\/div>\n\t\t\t\t<\/div>\n\t\t\t\t\t\t<\/div>\n\t\t\t\t\t<\/div>\n\t\t<\/div>\n\t\t\t\t\t\t\t\t<\/div>\n\t\t\t\t\t<\/div>\n\t\t<\/section>\n\t\t\t\t<section class=\"elementor-section elementor-top-section elementor-element elementor-element-d4a81b2 elementor-section-boxed elementor-section-height-default elementor-section-height-default\" data-id=\"d4a81b2\" data-element_type=\"section\">\n\t\t\t\t\t\t<div class=\"elementor-container elementor-column-gap-default\">\n\t\t\t\t\t\t\t<div class=\"elementor-row\">\n\t\t\t\t\t<div class=\"elementor-column elementor-col-100 elementor-top-column elementor-element elementor-element-c7f4e4c\" data-id=\"c7f4e4c\" data-element_type=\"column\">\n\t\t\t<div class=\"elementor-column-wrap\">\n\t\t\t\t\t\t\t<div class=\"elementor-widget-wrap\">\n\t\t\t\t\t\t\t\t<\/div>\n\t\t\t\t\t<\/div>\n\t\t<\/div>\n\t\t\t\t\t\t\t\t<\/div>\n\t\t\t\t\t<\/div>\n\t\t<\/section>\n\t\t\t\t<section class=\"elementor-section elementor-top-section elementor-element elementor-element-f6dd46f elementor-section-boxed elementor-section-height-default elementor-section-height-default\" data-id=\"f6dd46f\" data-element_type=\"section\">\n\t\t\t\t\t\t<div class=\"elementor-container elementor-column-gap-default\">\n\t\t\t\t\t\t\t<div class=\"elementor-row\">\n\t\t\t\t\t<div class=\"elementor-column elementor-col-100 elementor-top-column elementor-element elementor-element-646daf8\" data-id=\"646daf8\" data-element_type=\"column\">\n\t\t\t<div class=\"elementor-column-wrap\">\n\t\t\t\t\t\t\t<div class=\"elementor-widget-wrap\">\n\t\t\t\t\t\t\t\t<\/div>\n\t\t\t\t\t<\/div>\n\t\t<\/div>\n\t\t\t\t\t\t\t\t<\/div>\n\t\t\t\t\t<\/div>\n\t\t<\/section>\n\t\t\t\t\t\t\t\t\t<\/div>\n\t\t\t<\/div>\n\t\t\t\t\t<\/div>\n\t\t","protected":false},"excerpt":{"rendered":"<p>NOWO\u015a\u0106 W OFERCIE ! W sierpniu 2020 roku uruchomili\u015bmy produkcj\u0119 naszego najnowszego produktu &#8211; VASCO GROSZEK + Warto\u015b\u0107 opa\u0142owa Qir 26000 \u2013 28000 kJ\/kgZawarto\u015b\u0107 popio\u0142u Ar 4 \u2013 8 %Zawarto\u015b\u0107 wilgoci Wtr 8 \u2013 12 %Zawarto\u015b\u0107 siarki Str 0,2 \u2013 0,6 %Spiekalno\u015b\u0107 RI 0 \u2013 12 Uniwersalny w\u0119giel do kot\u0142\u00f3w z podajnikiem Zobacz Certyfikat<\/p>\n","protected":false},"author":1,"featured_media":0,"parent":0,"menu_order":0,"comment_status":"closed","ping_status":"closed","template":"","meta":[],"_links":{"self":[{"href":"http:\/\/vascokatowice.pl\/index.php\/wp-json\/wp\/v2\/pages\/223"}],"collection":[{"href":"http:\/\/vascokatowice.pl\/index.php\/wp-json\/wp\/v2\/pages"}],"about":[{"href":"http:\/\/vascokatowice.pl\/index.php\/wp-json\/wp\/v2\/types\/page"}],"author":[{"embeddable":true,"href":"http:\/\/vascokatowice.pl\/index.php\/wp-json\/wp\/v2\/users\/1"}],"replies":[{"embeddable":true,"href":"http:\/\/vascokatowice.pl\/index.php\/wp-json\/wp\/v2\/comments?post=223"}],"version-history":[{"count":21,"href":"http:\/\/vascokatowice.pl\/index.php\/wp-json\/wp\/v2\/pages\/223\/revisions"}],"predecessor-version":[{"id":479,"href":"http:\/\/vascokatowice.pl\/index.php\/wp-json\/wp\/v2\/pages\/223\/revisions\/479"}],"wp:attachment":[{"href":"http:\/\/vascokatowice.pl\/index.php\/wp-json\/wp\/v2\/media?parent=223"}],"curies":[{"name":"wp","href":"https:\/\/api.w.org\/{rel}","templated":true}]}}