{"id":12,"date":"2019-08-24T16:46:16","date_gmt":"2019-08-24T16:46:16","guid":{"rendered":"http:\/\/vascokatowice.pl\/index.php\/mesmerize\/"},"modified":"2025-05-08T10:04:16","modified_gmt":"2025-05-08T10:04:16","slug":"mesmerize","status":"publish","type":"page","link":"http:\/\/vascokatowice.pl\/","title":{"rendered":"O NAS"},"content":{"rendered":"\t\t<div data-elementor-type=\"wp-post\" data-elementor-id=\"12\" class=\"elementor elementor-12\">\n\t\t\t\t\t\t<div class=\"elementor-inner\">\n\t\t\t\t<div class=\"elementor-section-wrap\">\n\t\t\t\t\t\t\t\t\t<section class=\"elementor-section elementor-top-section elementor-element elementor-element-95d59cb elementor-section-boxed elementor-section-height-default elementor-section-height-default\" data-id=\"95d59cb\" data-element_type=\"section\">\n\t\t\t\t\t\t<div class=\"elementor-container elementor-column-gap-default\">\n\t\t\t\t\t\t\t<div class=\"elementor-row\">\n\t\t\t\t\t<div class=\"elementor-column elementor-col-100 elementor-top-column elementor-element elementor-element-cb93ac1\" data-id=\"cb93ac1\" data-element_type=\"column\">\n\t\t\t<div class=\"elementor-column-wrap elementor-element-populated\">\n\t\t\t\t\t\t\t<div class=\"elementor-widget-wrap\">\n\t\t\t\t\t\t<div class=\"elementor-element elementor-element-bee97c5 elementor-widget elementor-widget-text-editor\" data-id=\"bee97c5\" data-element_type=\"widget\" data-widget_type=\"text-editor.default\">\n\t\t\t\t<div class=\"elementor-widget-container\">\n\t\t\t\t\t\t\t\t<div class=\"elementor-text-editor elementor-clearfix\">\n\t\t\t\t<p style=\"margin-bottom: 7.5pt; text-align: justify; text-indent: 35.4pt; mso-hyphenate: auto;\"><span style=\"font-size: 13.0pt; mso-fareast-language: PL;\">Firm\u0119\u00a0<b>VASCO<\/b>\u00a0za\u0142o\u017cyli\u015bmy w 1993 roku. Od tego czasu nieprzerwanie przez 32 lat prowadzimy dzia\u0142alno\u015b\u0107 w zakresie handlu i dostaw opa\u0142u we wszystkich sortymentach, pocz\u0105wszy od w\u0119gli grubych, poprzez groszki a sko\u0144czywszy na mia\u0142ach w\u0119glowych. Jeste\u015bmy Autoryzowanym Sprzedawc\u0105 polskich producent\u00f3w w\u0119gla\u00a0 W\u0119glokoksu Kraj i \u00a0Tauronu Wydobycie. Wsp\u00f3\u0142pracujemy r\u00f3wnie\u017c z Przedsi\u0119biorstwem G\u00f3rniczym \u201eSILESIA\u201d.<\/span><\/p><p style=\"margin-bottom: 7.5pt; text-align: justify; mso-hyphenate: auto;\"><span style=\"font-size: 13.0pt; mso-fareast-language: PL;\">Biuro firmy mie\u015bci si\u0119 w Katowicach. Posiadamy cztery sk\u0142ady w\u0119glowe &#8211; w Siewierzu, D\u0105browie Tarnowskiej, Brzoz\u00f3wce i Wietrzychowicach, na kt\u00f3rych w sta\u0142ej ofercie znajdowa\u0142 si\u0119 szeroki wyb\u00f3r w\u0119gli. Wszystkie sortymenty s\u0105 oferowane luzem, a groszki i orzech w wygodnych 25 kilogramowych workach. Aktualnie w ofercie posiadamy r\u00f3wnie\u017c w\u0119giel z importu (Kolumbia, Australia, Indonezja, Kazachstan).<\/span><\/p><p style=\"margin-bottom: 7.5pt; text-align: justify; mso-hyphenate: auto;\"><span style=\"font-size: 13.0pt; mso-fareast-language: PL;\">Posiadamy w\u0142asne \u015brodki transportu: samochody ci\u0119\u017carowe wywrotki do 27 ton, naczepy do przewozu palet, samochody ci\u0119\u017carowe od 1 do 5 ton (wywrotki, kontener z wind\u0105, wywrotka z HDS), sprz\u0119t za\u0142adunkowy (\u0142adowarki du\u017ce i ma\u0142e), legalizowane wagi samochodowe, przesiewacze stacjonarne, instalacje przer\u00f3bcz\u0105 (przesiewacz dwupok\u0142adowy, kruszarka, przeno\u015bniki ta\u015bmowe), maszyn\u0119 do workowania w\u0119gla, streczowania palet, w\u00f3zki wid\u0142owe.\u00a0<\/span><\/p><p>\u00a0<\/p><p style=\"margin-bottom: 7.5pt; text-align: justify; mso-hyphenate: auto;\"><span style=\"font-size: 13.0pt; mso-fareast-language: PL;\">Wieloletnia obecno\u015b\u0107 na rynku, do\u015bwiadczona kadra oraz wysoka operatywno\u015b\u0107 i elastyczno\u015b\u0107 firmy powoduj\u0105, \u017ce jeste\u015bmy w stanie sprosta\u0107 wszelkim wymaganiom Klient\u00f3w. Szczeg\u00f3lny nacisk k\u0142adziemy na jako\u015b\u0107 realizowanych dostaw. Do ka\u017cdej dostawy za\u0142\u0105czamy \u015bwiadectwo jako\u015bci, o\u015bwiadczenie o pochodzeniu w\u0119gla i na \u017cyczenie odbiorcy odpowiedni certyfikat jako\u015bciowy z bada\u0144.<\/span><\/p>\t\t\t\t\t<\/div>\n\t\t\t\t\t\t<\/div>\n\t\t\t\t<\/div>\n\t\t\t\t\t\t<\/div>\n\t\t\t\t\t<\/div>\n\t\t<\/div>\n\t\t\t\t\t\t\t\t<\/div>\n\t\t\t\t\t<\/div>\n\t\t<\/section>\n\t\t\t\t<section class=\"elementor-section elementor-top-section elementor-element elementor-element-3a6dd91 elementor-section-boxed elementor-section-height-default elementor-section-height-default\" data-id=\"3a6dd91\" data-element_type=\"section\">\n\t\t\t\t\t\t<div class=\"elementor-container elementor-column-gap-default\">\n\t\t\t\t\t\t\t<div class=\"elementor-row\">\n\t\t\t\t\t<div class=\"elementor-column elementor-col-100 elementor-top-column elementor-element elementor-element-e501e42\" data-id=\"e501e42\" data-element_type=\"column\">\n\t\t\t<div class=\"elementor-column-wrap elementor-element-populated\">\n\t\t\t\t\t\t\t<div class=\"elementor-widget-wrap\">\n\t\t\t\t\t\t<div class=\"elementor-element elementor-element-3f55111 elementor-widget elementor-widget-counter\" data-id=\"3f55111\" data-element_type=\"widget\" data-widget_type=\"counter.default\">\n\t\t\t\t<div class=\"elementor-widget-container\">\n\t\t\t\t\t<div class=\"elementor-counter\">\n\t\t\t<div class=\"elementor-counter-number-wrapper\">\n\t\t\t\t<span class=\"elementor-counter-number-prefix\"><\/span>\n\t\t\t\t<span class=\"elementor-counter-number\" data-duration=\"2000\" data-to-value=\"1000000\" data-from-value=\"0\" data-delimiter=\",\">0<\/span>\n\t\t\t\t<span class=\"elementor-counter-number-suffix\"><\/span>\n\t\t\t<\/div>\n\t\t\t\t\t\t\t<div class=\"elementor-counter-title\">Milion zadowolonych klient\u00f3w<\/div>\n\t\t\t\t\t<\/div>\n\t\t\t\t<\/div>\n\t\t\t\t<\/div>\n\t\t\t\t\t\t<\/div>\n\t\t\t\t\t<\/div>\n\t\t<\/div>\n\t\t\t\t\t\t\t\t<\/div>\n\t\t\t\t\t<\/div>\n\t\t<\/section>\n\t\t\t\t<section class=\"elementor-section elementor-top-section elementor-element elementor-element-b92aea5 elementor-section-boxed elementor-section-height-default elementor-section-height-default\" data-id=\"b92aea5\" data-element_type=\"section\">\n\t\t\t\t\t\t<div class=\"elementor-container elementor-column-gap-default\">\n\t\t\t\t\t\t\t<div class=\"elementor-row\">\n\t\t\t\t\t<div class=\"elementor-column elementor-col-100 elementor-top-column elementor-element elementor-element-d777057\" data-id=\"d777057\" data-element_type=\"column\">\n\t\t\t<div class=\"elementor-column-wrap\">\n\t\t\t\t\t\t\t<div class=\"elementor-widget-wrap\">\n\t\t\t\t\t\t\t\t<\/div>\n\t\t\t\t\t<\/div>\n\t\t<\/div>\n\t\t\t\t\t\t\t\t<\/div>\n\t\t\t\t\t<\/div>\n\t\t<\/section>\n\t\t\t\t<section class=\"elementor-section elementor-top-section elementor-element elementor-element-234b274 elementor-section-boxed elementor-section-height-default elementor-section-height-default\" data-id=\"234b274\" data-element_type=\"section\">\n\t\t\t\t\t\t<div class=\"elementor-container elementor-column-gap-default\">\n\t\t\t\t\t\t\t<div class=\"elementor-row\">\n\t\t\t\t\t<div class=\"elementor-column elementor-col-100 elementor-top-column elementor-element elementor-element-2c38c8e\" data-id=\"2c38c8e\" data-element_type=\"column\">\n\t\t\t<div class=\"elementor-column-wrap elementor-element-populated\">\n\t\t\t\t\t\t\t<div class=\"elementor-widget-wrap\">\n\t\t\t\t\t\t<div class=\"elementor-element elementor-element-d6ab60c elementor-widget elementor-widget-image-gallery\" data-id=\"d6ab60c\" data-element_type=\"widget\" data-widget_type=\"image-gallery.default\">\n\t\t\t\t<div class=\"elementor-widget-container\">\n\t\t\t\t\t<div class=\"elementor-image-gallery\">\n\t\t\t\n\t\t<style type=\"text\/css\">\n\t\t\t#gallery-1 {\n\t\t\t\tmargin: auto;\n\t\t\t}\n\t\t\t#gallery-1 .gallery-item {\n\t\t\t\tfloat: left;\n\t\t\t\tmargin-top: 10px;\n\t\t\t\ttext-align: center;\n\t\t\t\twidth: 25%;\n\t\t\t}\n\t\t\t#gallery-1 img {\n\t\t\t\tborder: 2px solid #cfcfcf;\n\t\t\t}\n\t\t\t#gallery-1 .gallery-caption {\n\t\t\t\tmargin-left: 0;\n\t\t\t}\n\t\t\t\/* see gallery_shortcode() in wp-includes\/media.php *\/\n\t\t<\/style>\n\t\t<div id='gallery-1' class='gallery galleryid-12 gallery-columns-4 gallery-size-thumbnail'><dl class='gallery-item'>\n\t\t\t<dt class='gallery-icon landscape'>\n\t\t\t\t<a data-elementor-open-lightbox=\"yes\" data-elementor-lightbox-slideshow=\"d6ab60c\" data-elementor-lightbox-title=\"IMG_E9583\" e-action-hash=\"#elementor-action%3Aaction%3Dlightbox%26settings%3DeyJpZCI6MTkyLCJ1cmwiOiJodHRwOlwvXC92YXNjb2thdG93aWNlLnBsXC93cC1jb250ZW50XC91cGxvYWRzXC8yMDE5XC8wOVwvSU1HX0U5NTgzLmpwZyIsInNsaWRlc2hvdyI6ImQ2YWI2MGMifQ%3D%3D\" href='http:\/\/vascokatowice.pl\/wp-content\/uploads\/2019\/09\/IMG_E9583.jpg'><img width=\"150\" height=\"150\" src=\"http:\/\/vascokatowice.pl\/wp-content\/uploads\/2019\/09\/IMG_E9583-150x150.jpg\" class=\"attachment-thumbnail size-thumbnail\" alt=\"\" loading=\"lazy\" \/><\/a>\n\t\t\t<\/dt><\/dl><dl class='gallery-item'>\n\t\t\t<dt class='gallery-icon landscape'>\n\t\t\t\t<a data-elementor-open-lightbox=\"yes\" data-elementor-lightbox-slideshow=\"d6ab60c\" data-elementor-lightbox-title=\"IMG_E9588\" e-action-hash=\"#elementor-action%3Aaction%3Dlightbox%26settings%3DeyJpZCI6MTk3LCJ1cmwiOiJodHRwOlwvXC92YXNjb2thdG93aWNlLnBsXC93cC1jb250ZW50XC91cGxvYWRzXC8yMDE5XC8wOVwvSU1HX0U5NTg4LmpwZyIsInNsaWRlc2hvdyI6ImQ2YWI2MGMifQ%3D%3D\" href='http:\/\/vascokatowice.pl\/wp-content\/uploads\/2019\/09\/IMG_E9588.jpg'><img width=\"150\" height=\"150\" src=\"http:\/\/vascokatowice.pl\/wp-content\/uploads\/2019\/09\/IMG_E9588-150x150.jpg\" class=\"attachment-thumbnail size-thumbnail\" alt=\"\" loading=\"lazy\" \/><\/a>\n\t\t\t<\/dt><\/dl><dl class='gallery-item'>\n\t\t\t<dt class='gallery-icon portrait'>\n\t\t\t\t<a data-elementor-open-lightbox=\"yes\" data-elementor-lightbox-slideshow=\"d6ab60c\" data-elementor-lightbox-title=\"IMG_E9587\" e-action-hash=\"#elementor-action%3Aaction%3Dlightbox%26settings%3DeyJpZCI6MTk2LCJ1cmwiOiJodHRwOlwvXC92YXNjb2thdG93aWNlLnBsXC93cC1jb250ZW50XC91cGxvYWRzXC8yMDE5XC8wOVwvSU1HX0U5NTg3LmpwZyIsInNsaWRlc2hvdyI6ImQ2YWI2MGMifQ%3D%3D\" href='http:\/\/vascokatowice.pl\/wp-content\/uploads\/2019\/09\/IMG_E9587.jpg'><img width=\"150\" height=\"150\" src=\"http:\/\/vascokatowice.pl\/wp-content\/uploads\/2019\/09\/IMG_E9587-150x150.jpg\" class=\"attachment-thumbnail size-thumbnail\" alt=\"\" loading=\"lazy\" \/><\/a>\n\t\t\t<\/dt><\/dl><dl class='gallery-item'>\n\t\t\t<dt class='gallery-icon portrait'>\n\t\t\t\t<a data-elementor-open-lightbox=\"yes\" data-elementor-lightbox-slideshow=\"d6ab60c\" data-elementor-lightbox-title=\"IMG_E9586\" e-action-hash=\"#elementor-action%3Aaction%3Dlightbox%26settings%3DeyJpZCI6MTk1LCJ1cmwiOiJodHRwOlwvXC92YXNjb2thdG93aWNlLnBsXC93cC1jb250ZW50XC91cGxvYWRzXC8yMDE5XC8wOVwvSU1HX0U5NTg2LmpwZyIsInNsaWRlc2hvdyI6ImQ2YWI2MGMifQ%3D%3D\" href='http:\/\/vascokatowice.pl\/wp-content\/uploads\/2019\/09\/IMG_E9586.jpg'><img width=\"150\" height=\"150\" src=\"http:\/\/vascokatowice.pl\/wp-content\/uploads\/2019\/09\/IMG_E9586-150x150.jpg\" class=\"attachment-thumbnail size-thumbnail\" alt=\"\" loading=\"lazy\" \/><\/a>\n\t\t\t<\/dt><\/dl><br style=\"clear: both\" \/><dl class='gallery-item'>\n\t\t\t<dt class='gallery-icon portrait'>\n\t\t\t\t<a data-elementor-open-lightbox=\"yes\" data-elementor-lightbox-slideshow=\"d6ab60c\" data-elementor-lightbox-title=\"IMG_E9585\" e-action-hash=\"#elementor-action%3Aaction%3Dlightbox%26settings%3DeyJpZCI6MTk0LCJ1cmwiOiJodHRwOlwvXC92YXNjb2thdG93aWNlLnBsXC93cC1jb250ZW50XC91cGxvYWRzXC8yMDE5XC8wOVwvSU1HX0U5NTg1LmpwZyIsInNsaWRlc2hvdyI6ImQ2YWI2MGMifQ%3D%3D\" href='http:\/\/vascokatowice.pl\/wp-content\/uploads\/2019\/09\/IMG_E9585.jpg'><img width=\"150\" height=\"150\" src=\"http:\/\/vascokatowice.pl\/wp-content\/uploads\/2019\/09\/IMG_E9585-150x150.jpg\" class=\"attachment-thumbnail size-thumbnail\" alt=\"\" loading=\"lazy\" \/><\/a>\n\t\t\t<\/dt><\/dl><dl class='gallery-item'>\n\t\t\t<dt class='gallery-icon landscape'>\n\t\t\t\t<a data-elementor-open-lightbox=\"yes\" data-elementor-lightbox-slideshow=\"d6ab60c\" data-elementor-lightbox-title=\"IMG_E9584\" e-action-hash=\"#elementor-action%3Aaction%3Dlightbox%26settings%3DeyJpZCI6MTkzLCJ1cmwiOiJodHRwOlwvXC92YXNjb2thdG93aWNlLnBsXC93cC1jb250ZW50XC91cGxvYWRzXC8yMDE5XC8wOVwvSU1HX0U5NTg0LmpwZyIsInNsaWRlc2hvdyI6ImQ2YWI2MGMifQ%3D%3D\" href='http:\/\/vascokatowice.pl\/wp-content\/uploads\/2019\/09\/IMG_E9584.jpg'><img width=\"150\" height=\"150\" src=\"http:\/\/vascokatowice.pl\/wp-content\/uploads\/2019\/09\/IMG_E9584-150x150.jpg\" class=\"attachment-thumbnail size-thumbnail\" alt=\"\" loading=\"lazy\" \/><\/a>\n\t\t\t<\/dt><\/dl>\n\t\t\t<br style='clear: both' \/>\n\t\t<\/div>\n\t\t<\/div>\n\t\t\t\t<\/div>\n\t\t\t\t<\/div>\n\t\t\t\t<div class=\"elementor-element elementor-element-51e93c2 elementor-widget elementor-widget-testimonial\" data-id=\"51e93c2\" data-element_type=\"widget\" data-widget_type=\"testimonial.default\">\n\t\t\t\t<div class=\"elementor-widget-container\">\n\t\t\t\t\t<div class=\"elementor-testimonial-wrapper\">\n\t\t\t\t\t\t\t<div class=\"elementor-testimonial-content\">Najwy\u017csza jako\u015b\u0107, bardzo przyst\u0119pne ceny. Obs\u0142uga fachowa od momentu zam\u00f3wienia min\u0119\u0142a chwila, a dowie\u017ali w\u0119giel bez \u017cadnych wym\u00f3wek, \u017ce uliczki zaciasne. Z ca\u0142ego serca polecam!<\/div>\n\t\t\t\n\t\t\t\t\t\t<div class=\"elementor-testimonial-meta elementor-has-image elementor-testimonial-image-position-aside\">\n\t\t\t\t<div class=\"elementor-testimonial-meta-inner\">\n\t\t\t\t\t\t\t\t\t\t\t<div class=\"elementor-testimonial-image\">\n\t\t\t\t\t\t\t<img width=\"1000\" height=\"1080\" src=\"http:\/\/vascokatowice.pl\/wp-content\/uploads\/2019\/08\/client-icon-vector-12638546.jpg\" class=\"attachment-full size-full\" alt=\"\" loading=\"lazy\" \/>\t\t\t\t\t\t<\/div>\n\t\t\t\t\t\n\t\t\t\t\t\t\t\t\t\t<div class=\"elementor-testimonial-details\">\n\t\t\t\t\t\t\t\t\t\t\t\t\t\t<div class=\"elementor-testimonial-name\">Marcin D<\/div>\n\t\t\t\t\t\t\t\t\t\t\t\t\t\t\t\t\t\t\t\t\t\t<div class=\"elementor-testimonial-job\">W\u0119giel<\/div>\n\t\t\t\t\t\t\t\t\t\t\t\t\t<\/div>\n\t\t\t\t\t\t\t\t\t<\/div>\n\t\t\t<\/div>\n\t\t\t\t\t<\/div>\n\t\t\t\t<\/div>\n\t\t\t\t<\/div>\n\t\t\t\t\t\t<\/div>\n\t\t\t\t\t<\/div>\n\t\t<\/div>\n\t\t\t\t\t\t\t\t<\/div>\n\t\t\t\t\t<\/div>\n\t\t<\/section>\n\t\t\t\t<section class=\"elementor-section elementor-top-section elementor-element elementor-element-afbfc41 elementor-section-boxed elementor-section-height-default elementor-section-height-default\" data-id=\"afbfc41\" data-element_type=\"section\">\n\t\t\t\t\t\t<div class=\"elementor-container elementor-column-gap-default\">\n\t\t\t\t\t\t\t<div class=\"elementor-row\">\n\t\t\t\t\t<div class=\"elementor-column elementor-col-100 elementor-top-column elementor-element elementor-element-840fb26\" data-id=\"840fb26\" data-element_type=\"column\">\n\t\t\t<div class=\"elementor-column-wrap elementor-element-populated\">\n\t\t\t\t\t\t\t<div class=\"elementor-widget-wrap\">\n\t\t\t\t\t\t<div class=\"elementor-element elementor-element-c3b0361 elementor-widget elementor-widget-testimonial\" data-id=\"c3b0361\" data-element_type=\"widget\" data-widget_type=\"testimonial.default\">\n\t\t\t\t<div class=\"elementor-widget-container\">\n\t\t\t\t\t<div class=\"elementor-testimonial-wrapper\">\n\t\t\t\t\t\t\t<div class=\"elementor-testimonial-content\">Rozmowa by\u0142a kr\u00f3tka i rzeczowa. Przedstawiona oferta spe\u0142nia\u0142a moje oczekiwania i dosz\u0142o do sfinalizowania umowy.<\/div>\n\t\t\t\n\t\t\t\t\t\t<div class=\"elementor-testimonial-meta elementor-has-image elementor-testimonial-image-position-aside\">\n\t\t\t\t<div class=\"elementor-testimonial-meta-inner\">\n\t\t\t\t\t\t\t\t\t\t\t<div class=\"elementor-testimonial-image\">\n\t\t\t\t\t\t\t<img width=\"1000\" height=\"1080\" src=\"http:\/\/vascokatowice.pl\/wp-content\/uploads\/2019\/08\/client-icon-vector-12638546.jpg\" class=\"attachment-full size-full\" alt=\"\" loading=\"lazy\" \/>\t\t\t\t\t\t<\/div>\n\t\t\t\t\t\n\t\t\t\t\t\t\t\t\t\t<div class=\"elementor-testimonial-details\">\n\t\t\t\t\t\t\t\t\t\t\t\t\t\t<div class=\"elementor-testimonial-name\">Jaros\u0142aw C<\/div>\n\t\t\t\t\t\t\t\t\t\t\t\t\t\t\t\t\t\t\t\t\t\t<div class=\"elementor-testimonial-job\">Ekogroszek<\/div>\n\t\t\t\t\t\t\t\t\t\t\t\t\t<\/div>\n\t\t\t\t\t\t\t\t\t<\/div>\n\t\t\t<\/div>\n\t\t\t\t\t<\/div>\n\t\t\t\t<\/div>\n\t\t\t\t<\/div>\n\t\t\t\t\t\t<\/div>\n\t\t\t\t\t<\/div>\n\t\t<\/div>\n\t\t\t\t\t\t\t\t<\/div>\n\t\t\t\t\t<\/div>\n\t\t<\/section>\n\t\t\t\t<section class=\"elementor-section elementor-top-section elementor-element elementor-element-946d073 elementor-section-boxed elementor-section-height-default elementor-section-height-default\" data-id=\"946d073\" data-element_type=\"section\">\n\t\t\t\t\t\t<div class=\"elementor-container elementor-column-gap-default\">\n\t\t\t\t\t\t\t<div class=\"elementor-row\">\n\t\t\t\t\t<div class=\"elementor-column elementor-col-100 elementor-top-column elementor-element elementor-element-9b83f94\" data-id=\"9b83f94\" data-element_type=\"column\">\n\t\t\t<div class=\"elementor-column-wrap elementor-element-populated\">\n\t\t\t\t\t\t\t<div class=\"elementor-widget-wrap\">\n\t\t\t\t\t\t<div class=\"elementor-element elementor-element-24de02e elementor-widget elementor-widget-testimonial\" data-id=\"24de02e\" data-element_type=\"widget\" data-widget_type=\"testimonial.default\">\n\t\t\t\t<div class=\"elementor-widget-container\">\n\t\t\t\t\t<div class=\"elementor-testimonial-wrapper\">\n\t\t\t\t\t\t\t<div class=\"elementor-testimonial-content\">Rzeczowo, szybko i na temat. Nie wystarczy, \u017ce jestem zadowolony i \nch\u0119tnie polec\u0119 ka\u017cdemu. Nikt nie kr\u0119ci nosem, \u017ce odleg\u0142o\u015b\u0107, \u017ce ko\u0142a s\u0105 \ngumowe etc. Ja chc\u0119 kupi\u0107, m\u00f3wi\u0119 co i jak ma wygl\u0105da\u0107 a firma to \nrealizuje. Dokumenty super, towar super.<\/div>\n\t\t\t\n\t\t\t\t\t\t<div class=\"elementor-testimonial-meta elementor-has-image elementor-testimonial-image-position-aside\">\n\t\t\t\t<div class=\"elementor-testimonial-meta-inner\">\n\t\t\t\t\t\t\t\t\t\t\t<div class=\"elementor-testimonial-image\">\n\t\t\t\t\t\t\t<img width=\"1000\" height=\"1080\" src=\"http:\/\/vascokatowice.pl\/wp-content\/uploads\/2019\/08\/client-icon-vector-12638546.jpg\" class=\"attachment-full size-full\" alt=\"\" loading=\"lazy\" \/>\t\t\t\t\t\t<\/div>\n\t\t\t\t\t\n\t\t\t\t\t\t\t\t\t\t<div class=\"elementor-testimonial-details\">\n\t\t\t\t\t\t\t\t\t\t\t\t\t\t<div class=\"elementor-testimonial-name\">Ryszard R<\/div>\n\t\t\t\t\t\t\t\t\t\t\t\t\t\t\t\t\t\t\t\t\t\t<div class=\"elementor-testimonial-job\">Ekogroszek<\/div>\n\t\t\t\t\t\t\t\t\t\t\t\t\t<\/div>\n\t\t\t\t\t\t\t\t\t<\/div>\n\t\t\t<\/div>\n\t\t\t\t\t<\/div>\n\t\t\t\t<\/div>\n\t\t\t\t<\/div>\n\t\t\t\t\t\t<\/div>\n\t\t\t\t\t<\/div>\n\t\t<\/div>\n\t\t\t\t\t\t\t\t<\/div>\n\t\t\t\t\t<\/div>\n\t\t<\/section>\n\t\t\t\t<section class=\"elementor-section elementor-top-section elementor-element elementor-element-bb9854c elementor-section-boxed elementor-section-height-default elementor-section-height-default\" data-id=\"bb9854c\" data-element_type=\"section\">\n\t\t\t\t\t\t<div class=\"elementor-container elementor-column-gap-default\">\n\t\t\t\t\t\t\t<div class=\"elementor-row\">\n\t\t\t\t\t<div class=\"elementor-column elementor-col-100 elementor-top-column elementor-element elementor-element-62d716d\" data-id=\"62d716d\" data-element_type=\"column\">\n\t\t\t<div class=\"elementor-column-wrap elementor-element-populated\">\n\t\t\t\t\t\t\t<div class=\"elementor-widget-wrap\">\n\t\t\t\t\t\t<div class=\"elementor-element elementor-element-8c342cb elementor-arrows-position-inside elementor-pagination-position-outside elementor-widget elementor-widget-image-carousel\" data-id=\"8c342cb\" data-element_type=\"widget\" data-settings=\"{&quot;navigation&quot;:&quot;both&quot;,&quot;autoplay&quot;:&quot;yes&quot;,&quot;pause_on_hover&quot;:&quot;yes&quot;,&quot;pause_on_interaction&quot;:&quot;yes&quot;,&quot;autoplay_speed&quot;:5000,&quot;infinite&quot;:&quot;yes&quot;,&quot;speed&quot;:500}\" data-widget_type=\"image-carousel.default\">\n\t\t\t\t<div class=\"elementor-widget-container\">\n\t\t\t\t\t<div class=\"elementor-image-carousel-wrapper swiper-container\" dir=\"ltr\">\n\t\t\t<div class=\"elementor-image-carousel swiper-wrapper\">\n\t\t\t\t\t\t\t\t<div class=\"swiper-slide\"><figure class=\"swiper-slide-inner\"><img class=\"swiper-slide-image\" src=\"http:\/\/vascokatowice.pl\/wp-content\/uploads\/2019\/08\/68283082_2662915357268673_1195617018582138880_n-150x150.jpg\" alt=\"68283082_2662915357268673_1195617018582138880_n\" \/><\/figure><\/div><div class=\"swiper-slide\"><figure class=\"swiper-slide-inner\"><img class=\"swiper-slide-image\" src=\"http:\/\/vascokatowice.pl\/wp-content\/uploads\/2019\/08\/68450850_430680444246295_7298366303218171904_n-150x150.jpg\" alt=\"68450850_430680444246295_7298366303218171904_n\" \/><\/figure><\/div><div class=\"swiper-slide\"><figure class=\"swiper-slide-inner\"><img class=\"swiper-slide-image\" src=\"http:\/\/vascokatowice.pl\/wp-content\/uploads\/2019\/08\/68940429_672042806606859_7189626729239937024_n-150x150.jpg\" alt=\"68940429_672042806606859_7189626729239937024_n\" \/><\/figure><\/div><div class=\"swiper-slide\"><figure class=\"swiper-slide-inner\"><img class=\"swiper-slide-image\" src=\"http:\/\/vascokatowice.pl\/wp-content\/uploads\/2019\/08\/68419710_2078342089128402_8961572081988796416_n-150x150.jpg\" alt=\"68419710_2078342089128402_8961572081988796416_n\" \/><\/figure><\/div><div class=\"swiper-slide\"><figure class=\"swiper-slide-inner\"><img class=\"swiper-slide-image\" src=\"http:\/\/vascokatowice.pl\/wp-content\/uploads\/2019\/08\/68730175_967853870216607_4194530516575191040_n-150x150.jpg\" alt=\"68730175_967853870216607_4194530516575191040_n\" \/><\/figure><\/div><div class=\"swiper-slide\"><figure class=\"swiper-slide-inner\"><img class=\"swiper-slide-image\" src=\"http:\/\/vascokatowice.pl\/wp-content\/uploads\/2019\/08\/69653903_796684127400690_159097459933446144_n-150x150.jpg\" alt=\"69653903_796684127400690_159097459933446144_n\" \/><\/figure><\/div>\t\t\t<\/div>\n\t\t\t\t\t\t\t\t\t\t\t\t<div class=\"swiper-pagination\"><\/div>\n\t\t\t\t\t\t\t\t\t\t\t\t\t<div class=\"elementor-swiper-button elementor-swiper-button-prev\">\n\t\t\t\t\t\t<i aria-hidden=\"true\" class=\"eicon-chevron-left\"><\/i>\t\t\t\t\t\t<span class=\"elementor-screen-only\">Poprzednie<\/span>\n\t\t\t\t\t<\/div>\n\t\t\t\t\t<div class=\"elementor-swiper-button elementor-swiper-button-next\">\n\t\t\t\t\t\t<i aria-hidden=\"true\" class=\"eicon-chevron-right\"><\/i>\t\t\t\t\t\t<span class=\"elementor-screen-only\">Nast\u0119pne<\/span>\n\t\t\t\t\t<\/div>\n\t\t\t\t\t\t\t\t\t<\/div>\n\t\t\t\t<\/div>\n\t\t\t\t<\/div>\n\t\t\t\t<div class=\"elementor-element elementor-element-34cc15a elementor-shape-rounded elementor-grid-0 e-grid-align-center elementor-widget elementor-widget-social-icons\" data-id=\"34cc15a\" data-element_type=\"widget\" data-widget_type=\"social-icons.default\">\n\t\t\t\t<div class=\"elementor-widget-container\">\n\t\t\t\t\t<div class=\"elementor-social-icons-wrapper elementor-grid\">\n\t\t\t\t\t\t\t<span class=\"elementor-grid-item\">\n\t\t\t\t\t<a class=\"elementor-icon elementor-social-icon elementor-social-icon-facebook elementor-repeater-item-40def95\" href=\"https:\/\/www.facebook.com\/Vasco.AndrzejSlocinski\/\" target=\"_blank\">\n\t\t\t\t\t\t<span class=\"elementor-screen-only\">Facebook<\/span>\n\t\t\t\t\t\t<i class=\"fab fa-facebook\"><\/i>\t\t\t\t\t<\/a>\n\t\t\t\t<\/span>\n\t\t\t\t\t<\/div>\n\t\t\t\t<\/div>\n\t\t\t\t<\/div>\n\t\t\t\t\t\t<\/div>\n\t\t\t\t\t<\/div>\n\t\t<\/div>\n\t\t\t\t\t\t\t\t<\/div>\n\t\t\t\t\t<\/div>\n\t\t<\/section>\n\t\t\t\t\t\t\t\t\t<\/div>\n\t\t\t<\/div>\n\t\t\t\t\t<\/div>\n\t\t","protected":false},"excerpt":{"rendered":"<p>Firm\u0119\u00a0VASCO\u00a0za\u0142o\u017cyli\u015bmy w 1993 roku. Od tego czasu nieprzerwanie przez 32 lat prowadzimy dzia\u0142alno\u015b\u0107 w zakresie handlu i dostaw opa\u0142u we wszystkich sortymentach, pocz\u0105wszy od w\u0119gli grubych, poprzez groszki a sko\u0144czywszy na mia\u0142ach w\u0119glowych. Jeste\u015bmy Autoryzowanym Sprzedawc\u0105 polskich producent\u00f3w w\u0119gla\u00a0 W\u0119glokoksu Kraj i \u00a0Tauronu Wydobycie. Wsp\u00f3\u0142pracujemy r\u00f3wnie\u017c z Przedsi\u0119biorstwem G\u00f3rniczym \u201eSILESIA\u201d. Biuro firmy mie\u015bci si\u0119 w&hellip; <br \/> <a class=\"read-more\" href=\"http:\/\/vascokatowice.pl\/\">Przeczytaj wi\u0119cej<\/a><\/p>\n","protected":false},"author":1,"featured_media":0,"parent":0,"menu_order":0,"comment_status":"closed","ping_status":"closed","template":"page-templates\/homepage.php","meta":[],"_links":{"self":[{"href":"http:\/\/vascokatowice.pl\/index.php\/wp-json\/wp\/v2\/pages\/12"}],"collection":[{"href":"http:\/\/vascokatowice.pl\/index.php\/wp-json\/wp\/v2\/pages"}],"about":[{"href":"http:\/\/vascokatowice.pl\/index.php\/wp-json\/wp\/v2\/types\/page"}],"author":[{"embeddable":true,"href":"http:\/\/vascokatowice.pl\/index.php\/wp-json\/wp\/v2\/users\/1"}],"replies":[{"embeddable":true,"href":"http:\/\/vascokatowice.pl\/index.php\/wp-json\/wp\/v2\/comments?post=12"}],"version-history":[{"count":55,"href":"http:\/\/vascokatowice.pl\/index.php\/wp-json\/wp\/v2\/pages\/12\/revisions"}],"predecessor-version":[{"id":453,"href":"http:\/\/vascokatowice.pl\/index.php\/wp-json\/wp\/v2\/pages\/12\/revisions\/453"}],"wp:attachment":[{"href":"http:\/\/vascokatowice.pl\/index.php\/wp-json\/wp\/v2\/media?parent=12"}],"curies":[{"name":"wp","href":"https:\/\/api.w.org\/{rel}","templated":true}]}}